{"id":10,"date":"2015-11-23T22:37:26","date_gmt":"2015-11-23T22:37:26","guid":{"rendered":"http:\/\/beg-skl.bplaced.net\/wordpress\/?page_id=10"},"modified":"2022-07-01T20:43:20","modified_gmt":"2022-07-01T19:43:20","slug":"impressum","status":"publish","type":"page","link":"http:\/\/www.beg-schelklingen.de\/?page_id=10","title":{"rendered":"Impressum"},"content":{"rendered":"<p><b>Verantwortlich f\u00fcr den Inhalt<\/b><\/p>\n<p><b>B\u00fcrgerEnergiegenossenschaft Schelklingen eG<\/b><\/p>\n<p>Am Sonnenrain 24<br \/>\n89601 Schelklingen<\/p>\n<p><b>Aufsichtsr\u00e4te:<\/b><br \/>\nThomas Tolksdorf (Aufsichtsratsvorsitzender)<br \/>\nJ\u00fcrgen Haas<br \/>\nThomas Tonnier<\/p>\n<p><b>Vorst\u00e4nde:<br \/>\n<\/b> Armin Kneer<br \/>\nJonas Riexinger<br \/>\nReiner Riexinger<\/p>\n<p><b>Sitz der Genossenschaft:<br \/>\n<\/b>Schelklingen<\/p>\n<p><b>Registergericht:<br \/>\n<\/b>Amtsgericht Ulm, GnR 720045<\/p>\n<p><b>Pr\u00fcfungsverband:<br \/>\n<\/b>Baden-W\u00fcrttembergischer Genossenschaftsverband e. V., Karlsruhe<b><br \/>\n<\/b><\/p>\n<p><a>info(at)buergerenergie-schelklingen.de<\/a><br \/>\n<a href=\"http:\/\/www.buergerenergie-schelklingen.de\/\" target=\"_blank\">www.buergerenergie-schelklingen.de<\/a><\/p>\n","protected":false},"excerpt":{"rendered":"<p>Verantwortlich f\u00fcr den Inhalt B\u00fcrgerEnergiegenossenschaft Schelklingen eG Am Sonnenrain 24 89601 Schelklingen Aufsichtsr\u00e4te: Thomas Tolksdorf (Aufsichtsratsvorsitzender) J\u00fcrgen Haas Thomas Tonnier Vorst\u00e4nde: Armin Kneer Jonas Riexinger Reiner Riexinger Sitz der Genossenschaft: Schelklingen Registergericht: Amtsgericht Ulm, GnR 720045 Pr\u00fcfungsverband: Baden-W\u00fcrttembergischer Genossenschaftsverband e. V., Karlsruhe info(at)buergerenergie-schelklingen.de www.buergerenergie-schelklingen.de<\/p>\n","protected":false},"author":1,"featured_media":0,"parent":0,"menu_order":6,"comment_status":"closed","ping_status":"closed","template":"","meta":{"footnotes":""},"class_list":["post-10","page","type-page","status-publish","hentry"],"_links":{"self":[{"href":"http:\/\/www.beg-schelklingen.de\/index.php?rest_route=\/wp\/v2\/pages\/10","targetHints":{"allow":["GET"]}}],"collection":[{"href":"http:\/\/www.beg-schelklingen.de\/index.php?rest_route=\/wp\/v2\/pages"}],"about":[{"href":"http:\/\/www.beg-schelklingen.de\/index.php?rest_route=\/wp\/v2\/types\/page"}],"author":[{"embeddable":true,"href":"http:\/\/www.beg-schelklingen.de\/index.php?rest_route=\/wp\/v2\/users\/1"}],"replies":[{"embeddable":true,"href":"http:\/\/www.beg-schelklingen.de\/index.php?rest_route=%2Fwp%2Fv2%2Fcomments&post=10"}],"version-history":[{"count":5,"href":"http:\/\/www.beg-schelklingen.de\/index.php?rest_route=\/wp\/v2\/pages\/10\/revisions"}],"predecessor-version":[{"id":192,"href":"http:\/\/www.beg-schelklingen.de\/index.php?rest_route=\/wp\/v2\/pages\/10\/revisions\/192"}],"wp:attachment":[{"href":"http:\/\/www.beg-schelklingen.de\/index.php?rest_route=%2Fwp%2Fv2%2Fmedia&parent=10"}],"curies":[{"name":"wp","href":"https:\/\/api.w.org\/{rel}","templated":true}]}}

<p><b>Verantwortlich für den Inhalt</b></p>
<p><b>BürgerEnergiegenossenschaft Schelklingen eG</b></p>
<p>Am Sonnenrain 24<br />
89601 Schelklingen</p>
<p><b>Aufsichtsräte:</b><br />
Thomas Tolksdorf (Aufsichtsratsvorsitzender)<br />
Jürgen Haas<br />
Thomas Tonnier</p>
<p><b>Vorstände:<br />
</b> Armin Kneer<br />
Jonas Riexinger<br />
Reiner Riexinger</p>
<p><b>Sitz der Genossenschaft:<br />
</b>Schelklingen</p>
<p><b>Registergericht:<br />
</b>Amtsgericht Ulm, GnR 720045</p>
<p><b>Prüfungsverband:<br />
</b>Baden-Württembergischer Genossenschaftsverband e. V., Karlsruhe<b><br />
</b></p>
<p><a>info(at)buergerenergie-schelklingen.de</a><br />
<a href="http://www.buergerenergie-schelklingen.de/" target="_blank">www.buergerenergie-schelklingen.de</a></p>

<p>Verantwortlich für den Inhalt BürgerEnergiegenossenschaft Schelklingen eG Am Sonnenrain 24 89601 Schelklingen Aufsichtsräte: Thomas Tolksdorf (Aufsichtsratsvorsitzender) Jürgen Haas Thomas Tonnier Vorstände: Armin Kneer Jonas Riexinger Reiner Riexinger Sitz der Genossenschaft: Schelklingen Registergericht: Amtsgericht Ulm, GnR 720045 Prüfungsverband: Baden-Württembergischer Genossenschaftsverband e. V., Karlsruhe info(at)buergerenergie-schelklingen.de www.buergerenergie-schelklingen.de</p>
