{"id":14,"date":"2010-10-06T22:46:51","date_gmt":"2010-10-06T22:46:51","guid":{"rendered":"http:\/\/beg-skl.bplaced.net\/wordpress\/?page_id=14"},"modified":"2023-04-13T17:48:45","modified_gmt":"2023-04-13T16:48:45","slug":"bauhof-schelklingen","status":"publish","type":"page","link":"http:\/\/www.beg-schelklingen.de\/?page_id=14","title":{"rendered":"Bauhof Schelklingen"},"content":{"rendered":"<p>Erstes Projekt unserer Genossenschaft war die Realisierung der PV-Anlage auf dem st\u00e4dtischen Bauhof mit einer Nennleistung von 77,22 kW.<\/p>\n<p>Nach dem unerwartet regen Zulauf an neuen Mitgliedern in den Wochen nach der Gr\u00fcndungsversammlung, konnten wir die Zahl der Mitglieder mit 39 seit der Gr\u00fcndung mehr als verdreifachen und die gezeichneten Anteile liegen mit 860 \u00fcber dem Vierfachen.<\/p>\n<p>Dank dieser erfreulichen Entwicklung waren wir in der Lage, anstelle der anfangs geplanten 30 kW Anlage, die komplette Belegung des Daches in Angriff zu nehmen. Die Eigenmittel werden dabei durch eine ausgewogene Fremdfinanzierung erg\u00e4nzt.<\/p>\n<p>Die Vergabe erfolgte aufgrund einer gemeinsamen Entscheidung von Aufsichtsrat und Vorstand an den g\u00fcnstigsten Anbieter, die Firma Keller + Kneer aus Schelklingen, welche die Dacharbeiten von der Zimmerei Sailer, de Netzanschluss und die Montage der Wechselrichter durch die Firma Keller &amp; B\u00f6llinger\u00a0und die dazu notwendigen Erdarbeiten von der Firma K\u00e4stle ausf\u00fchren l\u00e4sst. Damit f\u00f6rdert dieses Projekt auch das Schelklinger Handwerk. Die Arbeiten wurdem am 08.11.2010 begonnen.<\/p>\n<p><a href=\"http:\/\/www.beg-schelklingen.de\/wordpress\/wp-content\/uploads\/2015\/12\/Dachkonstr_Module.jpg\"><img loading=\"lazy\" decoding=\"async\" class=\"size-medium wp-image-128\" src=\"http:\/\/www.beg-schelklingen.de\/wordpress\/wp-content\/uploads\/2015\/12\/Dachkonstr_Module-300x225.jpg\" alt=\"OLYMPUS DIGITAL CAMERA\" width=\"300\" height=\"225\" srcset=\"http:\/\/www.beg-schelklingen.de\/wordpress\/wp-content\/uploads\/2015\/12\/Dachkonstr_Module-300x225.jpg 300w, http:\/\/www.beg-schelklingen.de\/wordpress\/wp-content\/uploads\/2015\/12\/Dachkonstr_Module-1024x768.jpg 1024w, http:\/\/www.beg-schelklingen.de\/wordpress\/wp-content\/uploads\/2015\/12\/Dachkonstr_Module-660x495.jpg 660w, http:\/\/www.beg-schelklingen.de\/wordpress\/wp-content\/uploads\/2015\/12\/Dachkonstr_Module.jpg 2048w\" sizes=\"auto, (max-width: 300px) 100vw, 300px\" \/><\/a><a href=\"http:\/\/www.beg-schelklingen.de\/wordpress\/wp-content\/uploads\/2015\/12\/Module_Sailer.jpg\"><img loading=\"lazy\" decoding=\"async\" class=\"size-medium wp-image-133 alignnone\" src=\"http:\/\/www.beg-schelklingen.de\/wordpress\/wp-content\/uploads\/2015\/12\/Module_Sailer-300x225.jpg\" alt=\"OLYMPUS DIGITAL CAMERA\" width=\"300\" height=\"225\" srcset=\"http:\/\/www.beg-schelklingen.de\/wordpress\/wp-content\/uploads\/2015\/12\/Module_Sailer-300x225.jpg 300w, http:\/\/www.beg-schelklingen.de\/wordpress\/wp-content\/uploads\/2015\/12\/Module_Sailer-1024x768.jpg 1024w, http:\/\/www.beg-schelklingen.de\/wordpress\/wp-content\/uploads\/2015\/12\/Module_Sailer-660x495.jpg 660w, http:\/\/www.beg-schelklingen.de\/wordpress\/wp-content\/uploads\/2015\/12\/Module_Sailer.jpg 2048w\" sizes=\"auto, (max-width: 300px) 100vw, 300px\" \/><\/a><\/p>\n<p>Insgesamt hat die Anlage eine Nennleistung von 77,22 kW, wobei die erzeugte Strommenge dem Verbrauch von ca. 25 Haushalten entspricht. Die Solarmodule kommen von Yingli, einem chinesischen Hersteller der ersten Reihe, die Wechselrichter werden vom deutschen Weltmarktf\u00fchrer SMA bezogen. F\u00fcr die Anlagen\u00fcberwachung ist\u00a0eine L\u00f6sung der Firma meteocontrol im Einsatz, die monatlichen Ertragsdaten sind unten dargestellt.<\/p>\n<p>Seit dem 25.11.2010, also nicht einmal ganz 2 Monate nach der Gr\u00fcndungsversammlung, speist die Anlage in das Stromnetz ein und erwirtschaftet die ersten Ertr\u00e4ge.<\/p>\n<p><a href=\"http:\/\/www.beg-schelklingen.de\/wordpress\/wp-content\/uploads\/2010\/10\/bauhof_fertig.jpg\"><img loading=\"lazy\" decoding=\"async\" class=\"size-medium wp-image-74\" src=\"http:\/\/www.beg-schelklingen.de\/wordpress\/wp-content\/uploads\/2010\/10\/bauhof_fertig-300x225.jpg\" alt=\"OLYMPUS DIGITAL CAMERA\" width=\"300\" height=\"225\" srcset=\"http:\/\/www.beg-schelklingen.de\/wordpress\/wp-content\/uploads\/2010\/10\/bauhof_fertig-300x225.jpg 300w, http:\/\/www.beg-schelklingen.de\/wordpress\/wp-content\/uploads\/2010\/10\/bauhof_fertig-1024x768.jpg 1024w, http:\/\/www.beg-schelklingen.de\/wordpress\/wp-content\/uploads\/2010\/10\/bauhof_fertig-660x495.jpg 660w, http:\/\/www.beg-schelklingen.de\/wordpress\/wp-content\/uploads\/2010\/10\/bauhof_fertig.jpg 2048w\" sizes=\"auto, (max-width: 300px) 100vw, 300px\" \/><\/a><\/p>\n<p>Zu verdanken ist dies zun\u00e4chst unseren Mitgliedern, die mit Ihrem Beitritt und Ihrer Einlage Vertrauen in die gemeinsame \u201eUnternehmung\u201c gezeigt haben.<br \/>\nZum Erfolg beigetragen haben die beteiligten Firmen und Banken durch engagiertes Handeln sowie termintreue und zuverl\u00e4ssige Ausf\u00fchrung der Arbeiten. Die EnBW als Netzbetreiber schaffte durch die kurzfristige Anschlussfreigabe und den Einbau des Z\u00e4hlers die notwendigen Voraussetzungen. Nicht zuletzt trugen auch die g\u00fcnstigen Witterungsverh\u00e4ltnisse ihren Teil dazu bei.<\/p>\n<p class=\"align-left\"><img loading=\"lazy\" decoding=\"async\" style=\"float: right;\" title=\"Ertrag - aktueller Monat\" src=\"https:\/\/www.solar-monitoring.net\/ssp\/auswertung_profi\/jpgraph\/energieproduktion\/energie_monat.php?typ=monat&amp;teilanlage=&amp;iIdAnlageKey=PZ4EV&amp;var_nr=0\" alt=\"\" width=\"534\" height=\"315\" \/><\/p>\n<p class=\"align-left\"><img loading=\"lazy\" decoding=\"async\" style=\"float: right;\" title=\"Ertrag - aktuelles Jahr\" src=\"https:\/\/www.solar-monitoring.net\/ssp\/auswertung_profi\/jpgraph\/energieproduktion\/energie_jahr.php?typ=jahr&amp;teilanlage=&amp;iIdAnlageKey=PZ4EV&amp;var_nr=0\" alt=\"\" width=\"534\" height=\"315\" \/><\/p>\n<p class=\"align-left\"><img loading=\"lazy\" decoding=\"async\" style=\"float: right;\" title=\"Ertrag - Gesamt\u00fcbersicht\" src=\"https:\/\/www.solar-monitoring.net\/ssp\/auswertung_profi\/jpgraph\/energieproduktion\/energie_gesamt.php?typ=gesamt&amp;teilanlage=&amp;iIdAnlageKey=PZ4EV&amp;var_nr=0\" alt=\"\" width=\"534\" height=\"315\" \/><\/p>\n","protected":false},"excerpt":{"rendered":"<p>Erstes Projekt unserer Genossenschaft war die Realisierung der PV-Anlage auf dem st\u00e4dtischen Bauhof mit einer Nennleistung von 77,22 kW. Nach dem unerwartet regen Zulauf an neuen Mitgliedern in den Wochen nach der Gr\u00fcndungsversammlung, konnten wir die Zahl der Mitglieder mit 39 seit der Gr\u00fcndung mehr als verdreifachen und die gezeichneten Anteile liegen mit 860 \u00fcber\u2026 <span class=\"read-more\"><a href=\"http:\/\/www.beg-schelklingen.de\/?page_id=14\">Weiterlesen &raquo;<\/a><\/span><\/p>\n","protected":false},"author":1,"featured_media":74,"parent":7,"menu_order":1,"comment_status":"closed","ping_status":"closed","template":"","meta":{"footnotes":""},"class_list":["post-14","page","type-page","status-publish","has-post-thumbnail","hentry"],"_links":{"self":[{"href":"http:\/\/www.beg-schelklingen.de\/index.php?rest_route=\/wp\/v2\/pages\/14","targetHints":{"allow":["GET"]}}],"collection":[{"href":"http:\/\/www.beg-schelklingen.de\/index.php?rest_route=\/wp\/v2\/pages"}],"about":[{"href":"http:\/\/www.beg-schelklingen.de\/index.php?rest_route=\/wp\/v2\/types\/page"}],"author":[{"embeddable":true,"href":"http:\/\/www.beg-schelklingen.de\/index.php?rest_route=\/wp\/v2\/users\/1"}],"replies":[{"embeddable":true,"href":"http:\/\/www.beg-schelklingen.de\/index.php?rest_route=%2Fwp%2Fv2%2Fcomments&post=14"}],"version-history":[{"count":7,"href":"http:\/\/www.beg-schelklingen.de\/index.php?rest_route=\/wp\/v2\/pages\/14\/revisions"}],"predecessor-version":[{"id":211,"href":"http:\/\/www.beg-schelklingen.de\/index.php?rest_route=\/wp\/v2\/pages\/14\/revisions\/211"}],"up":[{"embeddable":true,"href":"http:\/\/www.beg-schelklingen.de\/index.php?rest_route=\/wp\/v2\/pages\/7"}],"wp:featuredmedia":[{"embeddable":true,"href":"http:\/\/www.beg-schelklingen.de\/index.php?rest_route=\/wp\/v2\/media\/74"}],"wp:attachment":[{"href":"http:\/\/www.beg-schelklingen.de\/index.php?rest_route=%2Fwp%2Fv2%2Fmedia&parent=14"}],"curies":[{"name":"wp","href":"https:\/\/api.w.org\/{rel}","templated":true}]}}

<p>Erstes Projekt unserer Genossenschaft war die Realisierung der PV-Anlage auf dem städtischen Bauhof mit einer Nennleistung von 77,22 kW.</p>
<p>Nach dem unerwartet regen Zulauf an neuen Mitgliedern in den Wochen nach der Gründungsversammlung, konnten wir die Zahl der Mitglieder mit 39 seit der Gründung mehr als verdreifachen und die gezeichneten Anteile liegen mit 860 über dem Vierfachen.</p>
<p>Dank dieser erfreulichen Entwicklung waren wir in der Lage, anstelle der anfangs geplanten 30 kW Anlage, die komplette Belegung des Daches in Angriff zu nehmen. Die Eigenmittel werden dabei durch eine ausgewogene Fremdfinanzierung ergänzt.</p>
<p>Die Vergabe erfolgte aufgrund einer gemeinsamen Entscheidung von Aufsichtsrat und Vorstand an den günstigsten Anbieter, die Firma Keller + Kneer aus Schelklingen, welche die Dacharbeiten von der Zimmerei Sailer, de Netzanschluss und die Montage der Wechselrichter durch die Firma Keller &amp; Böllinger und die dazu notwendigen Erdarbeiten von der Firma Kästle ausführen lässt. Damit fördert dieses Projekt auch das Schelklinger Handwerk. Die Arbeiten wurdem am 08.11.2010 begonnen.</p>
<p><a href="http://www.beg-schelklingen.de/wordpress/wp-content/uploads/2015/12/Dachkonstr_Module.jpg"><img loading="lazy" decoding="async" class="size-medium wp-image-128" src="http://www.beg-schelklingen.de/wordpress/wp-content/uploads/2015/12/Dachkonstr_Module-300x225.jpg" alt="OLYMPUS DIGITAL CAMERA" width="300" height="225" srcset="http://www.beg-schelklingen.de/wordpress/wp-content/uploads/2015/12/Dachkonstr_Module-300x225.jpg 300w, http://www.beg-schelklingen.de/wordpress/wp-content/uploads/2015/12/Dachkonstr_Module-1024x768.jpg 1024w, http://www.beg-schelklingen.de/wordpress/wp-content/uploads/2015/12/Dachkonstr_Module-660x495.jpg 660w, http://www.beg-schelklingen.de/wordpress/wp-content/uploads/2015/12/Dachkonstr_Module.jpg 2048w" sizes="auto, (max-width: 300px) 100vw, 300px" /></a><a href="http://www.beg-schelklingen.de/wordpress/wp-content/uploads/2015/12/Module_Sailer.jpg"><img loading="lazy" decoding="async" class="size-medium wp-image-133 alignnone" src="http://www.beg-schelklingen.de/wordpress/wp-content/uploads/2015/12/Module_Sailer-300x225.jpg" alt="OLYMPUS DIGITAL CAMERA" width="300" height="225" srcset="http://www.beg-schelklingen.de/wordpress/wp-content/uploads/2015/12/Module_Sailer-300x225.jpg 300w, http://www.beg-schelklingen.de/wordpress/wp-content/uploads/2015/12/Module_Sailer-1024x768.jpg 1024w, http://www.beg-schelklingen.de/wordpress/wp-content/uploads/2015/12/Module_Sailer-660x495.jpg 660w, http://www.beg-schelklingen.de/wordpress/wp-content/uploads/2015/12/Module_Sailer.jpg 2048w" sizes="auto, (max-width: 300px) 100vw, 300px" /></a></p>
<p>Insgesamt hat die Anlage eine Nennleistung von 77,22 kW, wobei die erzeugte Strommenge dem Verbrauch von ca. 25 Haushalten entspricht. Die Solarmodule kommen von Yingli, einem chinesischen Hersteller der ersten Reihe, die Wechselrichter werden vom deutschen Weltmarktführer SMA bezogen. Für die Anlagenüberwachung ist eine Lösung der Firma meteocontrol im Einsatz, die monatlichen Ertragsdaten sind unten dargestellt.</p>
<p>Seit dem 25.11.2010, also nicht einmal ganz 2 Monate nach der Gründungsversammlung, speist die Anlage in das Stromnetz ein und erwirtschaftet die ersten Erträge.</p>
<p><a href="http://www.beg-schelklingen.de/wordpress/wp-content/uploads/2010/10/bauhof_fertig.jpg"><img loading="lazy" decoding="async" class="size-medium wp-image-74" src="http://www.beg-schelklingen.de/wordpress/wp-content/uploads/2010/10/bauhof_fertig-300x225.jpg" alt="OLYMPUS DIGITAL CAMERA" width="300" height="225" srcset="http://www.beg-schelklingen.de/wordpress/wp-content/uploads/2010/10/bauhof_fertig-300x225.jpg 300w, http://www.beg-schelklingen.de/wordpress/wp-content/uploads/2010/10/bauhof_fertig-1024x768.jpg 1024w, http://www.beg-schelklingen.de/wordpress/wp-content/uploads/2010/10/bauhof_fertig-660x495.jpg 660w, http://www.beg-schelklingen.de/wordpress/wp-content/uploads/2010/10/bauhof_fertig.jpg 2048w" sizes="auto, (max-width: 300px) 100vw, 300px" /></a></p>
<p>Zu verdanken ist dies zunächst unseren Mitgliedern, die mit Ihrem Beitritt und Ihrer Einlage Vertrauen in die gemeinsame „Unternehmung“ gezeigt haben.<br />
Zum Erfolg beigetragen haben die beteiligten Firmen und Banken durch engagiertes Handeln sowie termintreue und zuverlässige Ausführung der Arbeiten. Die EnBW als Netzbetreiber schaffte durch die kurzfristige Anschlussfreigabe und den Einbau des Zählers die notwendigen Voraussetzungen. Nicht zuletzt trugen auch die günstigen Witterungsverhältnisse ihren Teil dazu bei.</p>
<p class="align-left"><img loading="lazy" decoding="async" style="float: right;" title="Ertrag - aktueller Monat" src="https://www.solar-monitoring.net/ssp/auswertung_profi/jpgraph/energieproduktion/energie_monat.php?typ=monat&amp;teilanlage=&amp;iIdAnlageKey=PZ4EV&amp;var_nr=0" alt="" width="534" height="315" /></p>
<p class="align-left"><img loading="lazy" decoding="async" style="float: right;" title="Ertrag - aktuelles Jahr" src="https://www.solar-monitoring.net/ssp/auswertung_profi/jpgraph/energieproduktion/energie_jahr.php?typ=jahr&amp;teilanlage=&amp;iIdAnlageKey=PZ4EV&amp;var_nr=0" alt="" width="534" height="315" /></p>
<p class="align-left"><img loading="lazy" decoding="async" style="float: right;" title="Ertrag - Gesamtübersicht" src="https://www.solar-monitoring.net/ssp/auswertung_profi/jpgraph/energieproduktion/energie_gesamt.php?typ=gesamt&amp;teilanlage=&amp;iIdAnlageKey=PZ4EV&amp;var_nr=0" alt="" width="534" height="315" /></p>

<p>Erstes Projekt unserer Genossenschaft war die Realisierung der PV-Anlage auf dem städtischen Bauhof mit einer Nennleistung von 77,22 kW. Nach dem unerwartet regen Zulauf an neuen Mitgliedern in den Wochen nach der Gründungsversammlung, konnten wir die Zahl der Mitglieder mit 39 seit der Gründung mehr als verdreifachen und die gezeichneten Anteile liegen mit 860 über… <span class="read-more"><a href="http://www.beg-schelklingen.de/?page_id=14">Weiterlesen &raquo;</a></span></p>
