{"id":26,"date":"2011-06-06T22:15:55","date_gmt":"2011-06-06T22:15:55","guid":{"rendered":"http:\/\/beg-skl.bplaced.net\/wordpress\/?page_id=26"},"modified":"2023-04-13T17:50:18","modified_gmt":"2023-04-13T16:50:18","slug":"turn-und-festhalle-schmiechen","status":"publish","type":"page","link":"http:\/\/www.beg-schelklingen.de\/?page_id=26","title":{"rendered":"Turn- und Festhalle Schmiechen"},"content":{"rendered":"<p>Unser zweites Projekt war die Realisierung der PV-Anlage auf der Turn- und Festhalle Schmiechen mit einer Nennleistung von 25,00 kW.<\/p>\n<p>Ziel war vor der zum 30.06.2011 erwarteten Senkung der Einspeiseverg\u00fctung noch mindestens eine PV-Anlage zu realisieren.<\/p>\n<p>Leider verz\u00f6gerte sich die Freigabe f\u00fcr unser favorisiertes Projekt \u201eKl\u00e4ranlage Schelklingen\u201c aus verwaltungstechnischen Gr\u00fcnden, sodass eine Realisierung im Juni nicht mehr m\u00f6glich war.<br \/>\nInnerhalb k\u00fcrzester Zeit gelang es uns, als Alternative eine Anlage auf der Turn- und Festhalle Schmiechen mit 25 kW Nennleistung zu projektieren. Auch wenn die erwartete K\u00fcrzung der Einspeiseverg\u00fctung aufgrund des geringen Zubaus in der ersten Jahresh\u00e4lfte nun doch nicht zum 30.06.2011 umgesetzt wird, hielten wir an der kurzfristigen Realisierung dieser Anlage fest.<br \/>\nDie Firma E4 Keller + Kneer hat die Anlage innerhalb von zwei Wochen errichtet und am 30.06.2011 ans Netz angeschlossen.<\/p>\n<p>Zum Einsatz kommen Module des koreanischen Herstellers Hyundai, die Wechselrichter werden vom deutschen Weltmarktf\u00fchrer SMA bezogen. Die Module werden auf dem Flachdach durch eine Unterkonstruktion auf 25\u00b0 aufgest\u00e4ndert, um einen m\u00f6glichst optimalen Sonneneinfallswinkel zu erzielen.<\/p>\n<p><a href=\"http:\/\/www.beg-schelklingen.de\/wordpress\/wp-content\/uploads\/2015\/12\/schmiechen_draufsicht.jpg\"><img loading=\"lazy\" decoding=\"async\" class=\"alignnone size-medium wp-image-134\" src=\"http:\/\/www.beg-schelklingen.de\/wordpress\/wp-content\/uploads\/2015\/12\/schmiechen_draufsicht-300x215.jpg\" alt=\"OLYMPUS DIGITAL CAMERA\" width=\"300\" height=\"215\" srcset=\"http:\/\/www.beg-schelklingen.de\/wordpress\/wp-content\/uploads\/2015\/12\/schmiechen_draufsicht-300x215.jpg 300w, http:\/\/www.beg-schelklingen.de\/wordpress\/wp-content\/uploads\/2015\/12\/schmiechen_draufsicht.jpg 493w\" sizes=\"auto, (max-width: 300px) 100vw, 300px\" \/><\/a><a href=\"http:\/\/www.beg-schelklingen.de\/wordpress\/wp-content\/uploads\/2015\/12\/besichtigung_schmiechen1.jpg\"><img loading=\"lazy\" decoding=\"async\" class=\"alignnone size-medium wp-image-123\" src=\"http:\/\/www.beg-schelklingen.de\/wordpress\/wp-content\/uploads\/2015\/12\/besichtigung_schmiechen1-300x225.jpg\" alt=\"OLYMPUS DIGITAL CAMERA\" width=\"300\" height=\"225\" srcset=\"http:\/\/www.beg-schelklingen.de\/wordpress\/wp-content\/uploads\/2015\/12\/besichtigung_schmiechen1-300x225.jpg 300w, http:\/\/www.beg-schelklingen.de\/wordpress\/wp-content\/uploads\/2015\/12\/besichtigung_schmiechen1.jpg 1024w, http:\/\/www.beg-schelklingen.de\/wordpress\/wp-content\/uploads\/2015\/12\/besichtigung_schmiechen1-660x495.jpg 660w\" sizes=\"auto, (max-width: 300px) 100vw, 300px\" \/><\/a><\/p>\n<p>In nachfolgenden Diagrammen ist der Ertrag der Anlage dargestellt.<\/p>\n<p class=\"align-left\"><img loading=\"lazy\" decoding=\"async\" style=\"float: right;\" title=\"Ertrag - aktueller Monat\" src=\"https:\/\/www.solar-monitoring.net\/ssp\/auswertung_profi\/jpgraph\/energieproduktion\/energie_monat.php?typ=monat&amp;teilanlage=&amp;iIdAnlageKey=HMA7J&amp;var_nr=0\" alt=\"\" width=\"534\" height=\"315\"><\/p>\n<p class=\"align-left\"><img loading=\"lazy\" decoding=\"async\" style=\"float: right;\" title=\"Ertrag - aktuelles Jahr\" src=\"https:\/\/www.solar-monitoring.net\/ssp\/auswertung_profi\/jpgraph\/energieproduktion\/energie_jahr.php?typ=jahr&amp;teilanlage=&amp;iIdAnlageKey=HMA7J&amp;var_nr=0\" alt=\"\" width=\"534\" height=\"315\"><\/p>\n<p class=\"align-left\"><img loading=\"lazy\" decoding=\"async\" style=\"float: right;\" title=\"Ertrag - Gesamt\u00fcbersicht\" src=\"https:\/\/www.solar-monitoring.net\/ssp\/auswertung_profi\/jpgraph\/energieproduktion\/energie_gesamt.php?typ=gesamt&amp;teilanlage=&amp;iIdAnlageKey=HMA7J&amp;var_nr=0\" alt=\"\" width=\"534\" height=\"315\"><\/p>\n","protected":false},"excerpt":{"rendered":"<p>Unser zweites Projekt war die Realisierung der PV-Anlage auf der Turn- und Festhalle Schmiechen mit einer Nennleistung von 25,00 kW. Ziel war vor der zum 30.06.2011 erwarteten Senkung der Einspeiseverg\u00fctung noch mindestens eine PV-Anlage zu realisieren. Leider verz\u00f6gerte sich die Freigabe f\u00fcr unser favorisiertes Projekt \u201eKl\u00e4ranlage Schelklingen\u201c aus verwaltungstechnischen Gr\u00fcnden, sodass eine Realisierung im Juni\u2026 <span class=\"read-more\"><a href=\"http:\/\/www.beg-schelklingen.de\/?page_id=26\">Weiterlesen &raquo;<\/a><\/span><\/p>\n","protected":false},"author":1,"featured_media":0,"parent":7,"menu_order":2,"comment_status":"closed","ping_status":"closed","template":"","meta":{"footnotes":""},"class_list":["post-26","page","type-page","status-publish","hentry"],"_links":{"self":[{"href":"http:\/\/www.beg-schelklingen.de\/index.php?rest_route=\/wp\/v2\/pages\/26","targetHints":{"allow":["GET"]}}],"collection":[{"href":"http:\/\/www.beg-schelklingen.de\/index.php?rest_route=\/wp\/v2\/pages"}],"about":[{"href":"http:\/\/www.beg-schelklingen.de\/index.php?rest_route=\/wp\/v2\/types\/page"}],"author":[{"embeddable":true,"href":"http:\/\/www.beg-schelklingen.de\/index.php?rest_route=\/wp\/v2\/users\/1"}],"replies":[{"embeddable":true,"href":"http:\/\/www.beg-schelklingen.de\/index.php?rest_route=%2Fwp%2Fv2%2Fcomments&post=26"}],"version-history":[{"count":5,"href":"http:\/\/www.beg-schelklingen.de\/index.php?rest_route=\/wp\/v2\/pages\/26\/revisions"}],"predecessor-version":[{"id":213,"href":"http:\/\/www.beg-schelklingen.de\/index.php?rest_route=\/wp\/v2\/pages\/26\/revisions\/213"}],"up":[{"embeddable":true,"href":"http:\/\/www.beg-schelklingen.de\/index.php?rest_route=\/wp\/v2\/pages\/7"}],"wp:attachment":[{"href":"http:\/\/www.beg-schelklingen.de\/index.php?rest_route=%2Fwp%2Fv2%2Fmedia&parent=26"}],"curies":[{"name":"wp","href":"https:\/\/api.w.org\/{rel}","templated":true}]}}

<p>Unser zweites Projekt war die Realisierung der PV-Anlage auf der Turn- und Festhalle Schmiechen mit einer Nennleistung von 25,00 kW.</p>
<p>Ziel war vor der zum 30.06.2011 erwarteten Senkung der Einspeisevergütung noch mindestens eine PV-Anlage zu realisieren.</p>
<p>Leider verzögerte sich die Freigabe für unser favorisiertes Projekt „Kläranlage Schelklingen“ aus verwaltungstechnischen Gründen, sodass eine Realisierung im Juni nicht mehr möglich war.<br />
Innerhalb kürzester Zeit gelang es uns, als Alternative eine Anlage auf der Turn- und Festhalle Schmiechen mit 25 kW Nennleistung zu projektieren. Auch wenn die erwartete Kürzung der Einspeisevergütung aufgrund des geringen Zubaus in der ersten Jahreshälfte nun doch nicht zum 30.06.2011 umgesetzt wird, hielten wir an der kurzfristigen Realisierung dieser Anlage fest.<br />
Die Firma E4 Keller + Kneer hat die Anlage innerhalb von zwei Wochen errichtet und am 30.06.2011 ans Netz angeschlossen.</p>
<p>Zum Einsatz kommen Module des koreanischen Herstellers Hyundai, die Wechselrichter werden vom deutschen Weltmarktführer SMA bezogen. Die Module werden auf dem Flachdach durch eine Unterkonstruktion auf 25° aufgeständert, um einen möglichst optimalen Sonneneinfallswinkel zu erzielen.</p>
<p><a href="http://www.beg-schelklingen.de/wordpress/wp-content/uploads/2015/12/schmiechen_draufsicht.jpg"><img loading="lazy" decoding="async" class="alignnone size-medium wp-image-134" src="http://www.beg-schelklingen.de/wordpress/wp-content/uploads/2015/12/schmiechen_draufsicht-300x215.jpg" alt="OLYMPUS DIGITAL CAMERA" width="300" height="215" srcset="http://www.beg-schelklingen.de/wordpress/wp-content/uploads/2015/12/schmiechen_draufsicht-300x215.jpg 300w, http://www.beg-schelklingen.de/wordpress/wp-content/uploads/2015/12/schmiechen_draufsicht.jpg 493w" sizes="auto, (max-width: 300px) 100vw, 300px" /></a><a href="http://www.beg-schelklingen.de/wordpress/wp-content/uploads/2015/12/besichtigung_schmiechen1.jpg"><img loading="lazy" decoding="async" class="alignnone size-medium wp-image-123" src="http://www.beg-schelklingen.de/wordpress/wp-content/uploads/2015/12/besichtigung_schmiechen1-300x225.jpg" alt="OLYMPUS DIGITAL CAMERA" width="300" height="225" srcset="http://www.beg-schelklingen.de/wordpress/wp-content/uploads/2015/12/besichtigung_schmiechen1-300x225.jpg 300w, http://www.beg-schelklingen.de/wordpress/wp-content/uploads/2015/12/besichtigung_schmiechen1.jpg 1024w, http://www.beg-schelklingen.de/wordpress/wp-content/uploads/2015/12/besichtigung_schmiechen1-660x495.jpg 660w" sizes="auto, (max-width: 300px) 100vw, 300px" /></a></p>
<p>In nachfolgenden Diagrammen ist der Ertrag der Anlage dargestellt.</p>
<p class="align-left"><img loading="lazy" decoding="async" style="float: right;" title="Ertrag - aktueller Monat" src="https://www.solar-monitoring.net/ssp/auswertung_profi/jpgraph/energieproduktion/energie_monat.php?typ=monat&amp;teilanlage=&amp;iIdAnlageKey=HMA7J&amp;var_nr=0" alt="" width="534" height="315"></p>
<p class="align-left"><img loading="lazy" decoding="async" style="float: right;" title="Ertrag - aktuelles Jahr" src="https://www.solar-monitoring.net/ssp/auswertung_profi/jpgraph/energieproduktion/energie_jahr.php?typ=jahr&amp;teilanlage=&amp;iIdAnlageKey=HMA7J&amp;var_nr=0" alt="" width="534" height="315"></p>
<p class="align-left"><img loading="lazy" decoding="async" style="float: right;" title="Ertrag - Gesamtübersicht" src="https://www.solar-monitoring.net/ssp/auswertung_profi/jpgraph/energieproduktion/energie_gesamt.php?typ=gesamt&amp;teilanlage=&amp;iIdAnlageKey=HMA7J&amp;var_nr=0" alt="" width="534" height="315"></p>

<p>Unser zweites Projekt war die Realisierung der PV-Anlage auf der Turn- und Festhalle Schmiechen mit einer Nennleistung von 25,00 kW. Ziel war vor der zum 30.06.2011 erwarteten Senkung der Einspeisevergütung noch mindestens eine PV-Anlage zu realisieren. Leider verzögerte sich die Freigabe für unser favorisiertes Projekt „Kläranlage Schelklingen“ aus verwaltungstechnischen Gründen, sodass eine Realisierung im Juni… <span class="read-more"><a href="http://www.beg-schelklingen.de/?page_id=26">Weiterlesen &raquo;</a></span></p>
