{"id":34,"date":"2011-12-22T22:23:43","date_gmt":"2011-12-22T22:23:43","guid":{"rendered":"http:\/\/beg-skl.bplaced.net\/wordpress\/?page_id=34"},"modified":"2023-04-14T10:29:08","modified_gmt":"2023-04-14T09:29:08","slug":"klaranlage-schelklingen","status":"publish","type":"page","link":"http:\/\/www.beg-schelklingen.de\/?page_id=34","title":{"rendered":"Kl\u00e4ranlage Schelklingen"},"content":{"rendered":"<p>Auf den D\u00e4chern der Kl\u00e4ranlage haben wir unsere vierte Anlage mit 59,34 kW Nennleistung realisiert.<\/p>\n<p>Auf den f\u00fcnf nach S\u00fcd-West bzw. S\u00fcd-Ost ausgerichteten D\u00e4chern der st\u00e4dtischen Kl\u00e4ranlage wurden 258 Module des Herstellers Hyundai mit einer Gesamtleistung von 59,34 kW installiert. Als Wechselrichter kommen f\u00fcnf Wechselrichter der Serie TXL vom Hersteller Danfoss zum Einsatz. Durch mehrere getrennte MPP Tracker eignen sich diese Wechselrichter gut f\u00fcr die teilweise verschatteten D\u00e4cher.<br \/>\nDie Vergabe des Auftrags f\u00fcr die Anlage erfolgte an den preisg\u00fcnstigsten Anbieter, die Firma E4 Keller + Kneer.<\/p>\n<p><a href=\"http:\/\/www.beg-schelklingen.de\/wordpress\/wp-content\/uploads\/2011\/12\/kl\u00e4ranlage_gesamt.jpg\"><img loading=\"lazy\" decoding=\"async\" class=\"alignnone size-medium wp-image-151\" src=\"http:\/\/www.beg-schelklingen.de\/wordpress\/wp-content\/uploads\/2011\/12\/kl\u00e4ranlage_gesamt-300x189.jpg\" alt=\"OLYMPUS DIGITAL CAMERA\" width=\"300\" height=\"189\" srcset=\"http:\/\/www.beg-schelklingen.de\/wordpress\/wp-content\/uploads\/2011\/12\/kl\u00e4ranlage_gesamt-300x189.jpg 300w, http:\/\/www.beg-schelklingen.de\/wordpress\/wp-content\/uploads\/2011\/12\/kl\u00e4ranlage_gesamt-1024x646.jpg 1024w, http:\/\/www.beg-schelklingen.de\/wordpress\/wp-content\/uploads\/2011\/12\/kl\u00e4ranlage_gesamt-660x416.jpg 660w, http:\/\/www.beg-schelklingen.de\/wordpress\/wp-content\/uploads\/2011\/12\/kl\u00e4ranlage_gesamt.jpg 1694w\" sizes=\"auto, (max-width: 300px) 100vw, 300px\" \/><\/a><\/p>\n<p>Der Gro\u00dfteil des erzeugten Stromes wird direkt von der Kl\u00e4ranlage verbraucht. Zirka 20 % des Stromverbrauchs der Kl\u00e4ranlage wird damit dezentral erzeugt ohne weite Transportwege und Leitungsverluste.<br \/>\nBilanziell speist die Anlage dezeit den gesamten Strom in das \u00f6ffentliche Netz ein. Wir sind aber bestrebt hier die Eigenverbrauchsoption des EEG zu nutzen, allerdings ist dies aus verwaltungstechnischen Gr\u00fcnden seitens der Stadt derzeit nicht m\u00f6glich.<\/p>\n<p>Die Ertragsdaten der Anlage finden hier:<\/p>\n<p class=\"align-left\"><img loading=\"lazy\" decoding=\"async\" style=\"float: right;\" title=\"Ertrag - aktueller Monat\" src=\"https:\/\/www.solar-monitoring.net\/ssp\/auswertung_profi\/jpgraph\/energieproduktion\/energie_monat.php?typ=monat&amp;teilanlage=&amp;iIdAnlageKey=IHPY9&amp;var_nr=0\" alt=\"\" width=\"534\" height=\"315\"><\/p>\n<p class=\"align-left\"><img loading=\"lazy\" decoding=\"async\" style=\"float: right;\" title=\"Ertrag - aktuelles Jahr\" src=\"https:\/\/www.solar-monitoring.net\/ssp\/auswertung_profi\/jpgraph\/energieproduktion\/energie_jahr.php?typ=jahr&amp;teilanlage=&amp;iIdAnlageKey=IHPY9&amp;var_nr=0\" alt=\"\" width=\"534\" height=\"315\"><\/p>\n<p class=\"align-left\"><img loading=\"lazy\" decoding=\"async\" style=\"float: right;\" title=\"Ertrag - Gesamt\u00fcbersicht\" src=\"https:\/\/www.solar-monitoring.net\/ssp\/auswertung_profi\/jpgraph\/energieproduktion\/energie_gesamt.php?typ=gesamt&amp;teilanlage=&amp;iIdAnlageKey=IHPY9&amp;var_nr=0\" alt=\"\" width=\"534\" height=\"315\"><\/p>\n","protected":false},"excerpt":{"rendered":"<p>Auf den D\u00e4chern der Kl\u00e4ranlage haben wir unsere vierte Anlage mit 59,34 kW Nennleistung realisiert. Auf den f\u00fcnf nach S\u00fcd-West bzw. S\u00fcd-Ost ausgerichteten D\u00e4chern der st\u00e4dtischen Kl\u00e4ranlage wurden 258 Module des Herstellers Hyundai mit einer Gesamtleistung von 59,34 kW installiert. Als Wechselrichter kommen f\u00fcnf Wechselrichter der Serie TXL vom Hersteller Danfoss zum Einsatz. Durch mehrere\u2026 <span class=\"read-more\"><a href=\"http:\/\/www.beg-schelklingen.de\/?page_id=34\">Weiterlesen &raquo;<\/a><\/span><\/p>\n","protected":false},"author":1,"featured_media":0,"parent":7,"menu_order":4,"comment_status":"closed","ping_status":"closed","template":"","meta":{"footnotes":""},"class_list":["post-34","page","type-page","status-publish","hentry"],"_links":{"self":[{"href":"http:\/\/www.beg-schelklingen.de\/index.php?rest_route=\/wp\/v2\/pages\/34","targetHints":{"allow":["GET"]}}],"collection":[{"href":"http:\/\/www.beg-schelklingen.de\/index.php?rest_route=\/wp\/v2\/pages"}],"about":[{"href":"http:\/\/www.beg-schelklingen.de\/index.php?rest_route=\/wp\/v2\/types\/page"}],"author":[{"embeddable":true,"href":"http:\/\/www.beg-schelklingen.de\/index.php?rest_route=\/wp\/v2\/users\/1"}],"replies":[{"embeddable":true,"href":"http:\/\/www.beg-schelklingen.de\/index.php?rest_route=%2Fwp%2Fv2%2Fcomments&post=34"}],"version-history":[{"count":4,"href":"http:\/\/www.beg-schelklingen.de\/index.php?rest_route=\/wp\/v2\/pages\/34\/revisions"}],"predecessor-version":[{"id":215,"href":"http:\/\/www.beg-schelklingen.de\/index.php?rest_route=\/wp\/v2\/pages\/34\/revisions\/215"}],"up":[{"embeddable":true,"href":"http:\/\/www.beg-schelklingen.de\/index.php?rest_route=\/wp\/v2\/pages\/7"}],"wp:attachment":[{"href":"http:\/\/www.beg-schelklingen.de\/index.php?rest_route=%2Fwp%2Fv2%2Fmedia&parent=34"}],"curies":[{"name":"wp","href":"https:\/\/api.w.org\/{rel}","templated":true}]}}