{"id":36,"date":"2012-12-22T22:25:18","date_gmt":"2012-12-22T22:25:18","guid":{"rendered":"http:\/\/beg-skl.bplaced.net\/wordpress\/?page_id=36"},"modified":"2023-04-14T10:30:42","modified_gmt":"2023-04-14T09:30:42","slug":"heinrich-kaim-schule-schelklingen","status":"publish","type":"page","link":"http:\/\/www.beg-schelklingen.de\/?page_id=36","title":{"rendered":"Heinrich-Kaim-Schule Schelklingen"},"content":{"rendered":"<p>Auf zwei D\u00e4chern der Heinrich-Kaim-Schule haben wir unsere f\u00fcnfte Anlage mit 48,24 kW Nennleistung realisiert.<\/p>\n<p>Auf dem S\u00fcd- und Ostdach der Heinrich-Kaim-Schule wurden 201 Module des Herstellers Canadian Solar mit einer Gesamtnennleistung von 48,24 kW installiert. Als Wechselrichter kommen drei Ger\u00e4te der Serie Tripower von SMA zum Einsatz.<br \/>\nDas Projekt wurde durch die Firma Keller + Kneer realisiert.<\/p>\n<p>Die Anlage wurde in zwei Abschnitten im Oktober und November in Betrieb genommen und speist seit 19.12.2012 in das Stromnetz ein.<\/p>\n<p>Ein gro\u00dfer Teil des des erzeugten Stromes kann direkt in den Schulgeb\u00e4uden verbraucht werden. Voraussichtlich 30 bis 40 % des Stromverbrauchs werden damit dezentral erzeugt ohne weite Transportwege und Leitungsverluste zum Verbraucher<\/p>\n<p><a href=\"http:\/\/www.beg-schelklingen.de\/wordpress\/wp-content\/uploads\/2015\/12\/hks_sued.jpg\"><img loading=\"lazy\" decoding=\"async\" class=\"alignnone size-medium wp-image-131\" src=\"http:\/\/www.beg-schelklingen.de\/wordpress\/wp-content\/uploads\/2015\/12\/hks_sued-300x225.jpg\" alt=\"hks_sued\" width=\"300\" height=\"225\" srcset=\"http:\/\/www.beg-schelklingen.de\/wordpress\/wp-content\/uploads\/2015\/12\/hks_sued-300x225.jpg 300w, http:\/\/www.beg-schelklingen.de\/wordpress\/wp-content\/uploads\/2015\/12\/hks_sued-1024x768.jpg 1024w, http:\/\/www.beg-schelklingen.de\/wordpress\/wp-content\/uploads\/2015\/12\/hks_sued-660x495.jpg 660w, http:\/\/www.beg-schelklingen.de\/wordpress\/wp-content\/uploads\/2015\/12\/hks_sued.jpg 1600w\" sizes=\"auto, (max-width: 300px) 100vw, 300px\" \/><\/a> <a href=\"http:\/\/www.beg-schelklingen.de\/wordpress\/wp-content\/uploads\/2015\/12\/hks_ost.jpg\"><img loading=\"lazy\" decoding=\"async\" class=\"alignnone size-medium wp-image-76\" src=\"http:\/\/www.beg-schelklingen.de\/wordpress\/wp-content\/uploads\/2015\/12\/hks_ost-300x225.jpg\" alt=\"hks_ost\" width=\"300\" height=\"225\" srcset=\"http:\/\/www.beg-schelklingen.de\/wordpress\/wp-content\/uploads\/2015\/12\/hks_ost-300x225.jpg 300w, http:\/\/www.beg-schelklingen.de\/wordpress\/wp-content\/uploads\/2015\/12\/hks_ost-1024x768.jpg 1024w, http:\/\/www.beg-schelklingen.de\/wordpress\/wp-content\/uploads\/2015\/12\/hks_ost-660x495.jpg 660w, http:\/\/www.beg-schelklingen.de\/wordpress\/wp-content\/uploads\/2015\/12\/hks_ost.jpg 1600w\" sizes=\"auto, (max-width: 300px) 100vw, 300px\" \/><\/a><\/p>\n<p>Die Ertragsdaten der Anlage finden hier:<\/p>\n<p class=\"align-left\"><img loading=\"lazy\" decoding=\"async\" style=\"float: right;\" title=\"Ertrag - aktueller Monat\" src=\"https:\/\/www.solar-monitoring.net\/ssp\/auswertung_profi\/jpgraph\/energieproduktion\/energie_monat.php?typ=monat&amp;teilanlage=&amp;iIdAnlageKey=6QAGK&amp;var_nr=0\" alt=\"\" width=\"534\" height=\"315\"><\/p>\n<p class=\"align-left\"><img loading=\"lazy\" decoding=\"async\" style=\"float: right;\" title=\"Ertrag - aktuelles Jahr\" src=\"https:\/\/www.solar-monitoring.net\/ssp\/auswertung_profi\/jpgraph\/energieproduktion\/energie_jahr.php?typ=jahr&amp;teilanlage=&amp;iIdAnlageKey=6QAGK&amp;var_nr=0\" alt=\"\" width=\"534\" height=\"315\"><\/p>\n<p class=\"align-left\"><img loading=\"lazy\" decoding=\"async\" style=\"float: right;\" title=\"Ertrag - Gesamt\u00fcbersicht\" src=\"https:\/\/www.solar-monitoring.net\/ssp\/auswertung_profi\/jpgraph\/energieproduktion\/energie_gesamt.php?typ=gesamt&amp;teilanlage=&amp;iIdAnlageKey=6QAGK&amp;var_nr=0\" alt=\"\" width=\"534\" height=\"315\"><\/p>\n","protected":false},"excerpt":{"rendered":"<p>Auf zwei D\u00e4chern der Heinrich-Kaim-Schule haben wir unsere f\u00fcnfte Anlage mit 48,24 kW Nennleistung realisiert. Auf dem S\u00fcd- und Ostdach der Heinrich-Kaim-Schule wurden 201 Module des Herstellers Canadian Solar mit einer Gesamtnennleistung von 48,24 kW installiert. Als Wechselrichter kommen drei Ger\u00e4te der Serie Tripower von SMA zum Einsatz. Das Projekt wurde durch die Firma Keller\u2026 <span class=\"read-more\"><a href=\"http:\/\/www.beg-schelklingen.de\/?page_id=36\">Weiterlesen &raquo;<\/a><\/span><\/p>\n","protected":false},"author":1,"featured_media":0,"parent":7,"menu_order":5,"comment_status":"closed","ping_status":"closed","template":"","meta":{"footnotes":""},"class_list":["post-36","page","type-page","status-publish","hentry"],"_links":{"self":[{"href":"http:\/\/www.beg-schelklingen.de\/index.php?rest_route=\/wp\/v2\/pages\/36","targetHints":{"allow":["GET"]}}],"collection":[{"href":"http:\/\/www.beg-schelklingen.de\/index.php?rest_route=\/wp\/v2\/pages"}],"about":[{"href":"http:\/\/www.beg-schelklingen.de\/index.php?rest_route=\/wp\/v2\/types\/page"}],"author":[{"embeddable":true,"href":"http:\/\/www.beg-schelklingen.de\/index.php?rest_route=\/wp\/v2\/users\/1"}],"replies":[{"embeddable":true,"href":"http:\/\/www.beg-schelklingen.de\/index.php?rest_route=%2Fwp%2Fv2%2Fcomments&post=36"}],"version-history":[{"count":3,"href":"http:\/\/www.beg-schelklingen.de\/index.php?rest_route=\/wp\/v2\/pages\/36\/revisions"}],"predecessor-version":[{"id":216,"href":"http:\/\/www.beg-schelklingen.de\/index.php?rest_route=\/wp\/v2\/pages\/36\/revisions\/216"}],"up":[{"embeddable":true,"href":"http:\/\/www.beg-schelklingen.de\/index.php?rest_route=\/wp\/v2\/pages\/7"}],"wp:attachment":[{"href":"http:\/\/www.beg-schelklingen.de\/index.php?rest_route=%2Fwp%2Fv2%2Fmedia&parent=36"}],"curies":[{"name":"wp","href":"https:\/\/api.w.org\/{rel}","templated":true}]}}