{"id":46,"date":"2015-11-25T22:30:26","date_gmt":"2015-11-25T22:30:26","guid":{"rendered":"http:\/\/beg-skl.bplaced.net\/wordpress\/?page_id=46"},"modified":"2022-07-01T21:05:08","modified_gmt":"2022-07-01T20:05:08","slug":"mitglied-werden","status":"publish","type":"page","link":"http:\/\/www.beg-schelklingen.de\/?page_id=46","title":{"rendered":"Mitglied werden"},"content":{"rendered":"<p>Wenn Sie Mitglied werden oder Ihre Anteile aufstocken m\u00f6chten, kontaktieren Sie uns einfach per Email an <a href=\"mailto:info@beg-schelklingen.de\">info@beg-schelklingen.de<\/a>. Wir werden Ihnen dann die entsprechenden Formulare zum Beitritt zukommen lassen.<\/p>\n<p>Bitte beachten Sie, dass der Mindestanteil laut Satzung gegenw\u00e4rtig 10 Anteile (1000 \u20ac), der H\u00f6chstanteil 100 Anteile (10000 \u20ac) betr\u00e4gt. Die m\u00f6gliche H\u00f6he der Beteiligung ist auch abh\u00e4ngig vom Finanzierungsbedarf des jeweiligen aktuellen Projektes.<\/p>\n<p>Unsere Satzung k\u00f6nnen Sie <a href=\"http:\/\/www.beg-schelklingen.de\/wordpress\/wp-content\/uploads\/2022\/07\/190625_Satzung_B\u00fcrgerEnergiegenossenschaft_Schelklingen_eG.pdf\">hier<\/a> herunterladen.<\/p>\n","protected":false},"excerpt":{"rendered":"<p>Wenn Sie Mitglied werden oder Ihre Anteile aufstocken m\u00f6chten, kontaktieren Sie uns einfach per Email an info@beg-schelklingen.de. Wir werden Ihnen dann die entsprechenden Formulare zum Beitritt zukommen lassen. Bitte beachten Sie, dass der Mindestanteil laut Satzung gegenw\u00e4rtig 10 Anteile (1000 \u20ac), der H\u00f6chstanteil 100 Anteile (10000 \u20ac) betr\u00e4gt. Die m\u00f6gliche H\u00f6he der Beteiligung ist auch\u2026 <span class=\"read-more\"><a href=\"http:\/\/www.beg-schelklingen.de\/?page_id=46\">Weiterlesen &raquo;<\/a><\/span><\/p>\n","protected":false},"author":1,"featured_media":0,"parent":0,"menu_order":5,"comment_status":"closed","ping_status":"closed","template":"","meta":{"footnotes":""},"class_list":["post-46","page","type-page","status-publish","hentry"],"_links":{"self":[{"href":"http:\/\/www.beg-schelklingen.de\/index.php?rest_route=\/wp\/v2\/pages\/46","targetHints":{"allow":["GET"]}}],"collection":[{"href":"http:\/\/www.beg-schelklingen.de\/index.php?rest_route=\/wp\/v2\/pages"}],"about":[{"href":"http:\/\/www.beg-schelklingen.de\/index.php?rest_route=\/wp\/v2\/types\/page"}],"author":[{"embeddable":true,"href":"http:\/\/www.beg-schelklingen.de\/index.php?rest_route=\/wp\/v2\/users\/1"}],"replies":[{"embeddable":true,"href":"http:\/\/www.beg-schelklingen.de\/index.php?rest_route=%2Fwp%2Fv2%2Fcomments&post=46"}],"version-history":[{"count":7,"href":"http:\/\/www.beg-schelklingen.de\/index.php?rest_route=\/wp\/v2\/pages\/46\/revisions"}],"predecessor-version":[{"id":198,"href":"http:\/\/www.beg-schelklingen.de\/index.php?rest_route=\/wp\/v2\/pages\/46\/revisions\/198"}],"wp:attachment":[{"href":"http:\/\/www.beg-schelklingen.de\/index.php?rest_route=%2Fwp%2Fv2%2Fmedia&parent=46"}],"curies":[{"name":"wp","href":"https:\/\/api.w.org\/{rel}","templated":true}]}}