{"id":7,"date":"2015-11-23T22:22:06","date_gmt":"2015-11-23T22:22:06","guid":{"rendered":"http:\/\/beg-skl.bplaced.net\/wordpress\/?page_id=7"},"modified":"2015-12-02T23:59:59","modified_gmt":"2015-12-02T22:59:59","slug":"projekte123","status":"publish","type":"page","link":"http:\/\/www.beg-schelklingen.de\/?page_id=7","title":{"rendered":"Projekte"},"content":{"rendered":"<p>Hauptziel unserer Genossenschaft ist es gemeinsam mit B\u00fcrgern, Stadt und Unternehmen lokale und regionale Energieprojekte zu realisieren und damit einen wichtigen Beitrag zur Energiezukunft und zum Umweltschutz vor Ort zu leisten. Au\u00dfer der Umsetzung von Projekten m\u00f6chten wir aber auch unseren Mitgliedern und interessierten B\u00fcrgern Informationen rund um erneuerbare Energien anbieten.<\/p>\n<p>Zun\u00e4chst konzentrieren wir uns, wegen ihrer verh\u00e4ltnism\u00e4\u00dfig einfachen und schnellen Umsetzbarkeit, auf Photovoltaik-Anlagen. Wir untersuchen aber auch m\u00f6gliche Projekte zur Wasserkraft und Energieeffizienz.<\/p>\n\n<!-- Page-list plugin v.5.7 wordpress.org\/plugins\/page-list\/ -->\n<ul class=\"page-list subpages-page-list \">\n<li class=\"page_item page-item-233\"><a href=\"http:\/\/www.beg-schelklingen.de\/?page_id=233\">R\u00dcB Schelklingen<\/a><\/li>\n<li class=\"page_item page-item-222\"><a href=\"http:\/\/www.beg-schelklingen.de\/?page_id=222\">Solarpark Justingen<\/a><\/li>\n<li class=\"page_item page-item-14\"><a href=\"http:\/\/www.beg-schelklingen.de\/?page_id=14\">Bauhof Schelklingen<\/a><\/li>\n<li class=\"page_item page-item-26\"><a href=\"http:\/\/www.beg-schelklingen.de\/?page_id=26\">Turn- und Festhalle Schmiechen<\/a><\/li>\n<li class=\"page_item page-item-28\"><a href=\"http:\/\/www.beg-schelklingen.de\/?page_id=28\">Feuerwehrhaus Justingen<\/a><\/li>\n<li class=\"page_item page-item-34\"><a href=\"http:\/\/www.beg-schelklingen.de\/?page_id=34\">Kl\u00e4ranlage Schelklingen<\/a><\/li>\n<li class=\"page_item page-item-36\"><a href=\"http:\/\/www.beg-schelklingen.de\/?page_id=36\">Heinrich-Kaim-Schule Schelklingen<\/a><\/li>\n<li class=\"page_item page-item-38\"><a href=\"http:\/\/www.beg-schelklingen.de\/?page_id=38\">Grundschule Schmiechen<\/a><\/li>\n\n<\/ul>\n","protected":false},"excerpt":{"rendered":"<p>Hauptziel unserer Genossenschaft ist es gemeinsam mit B\u00fcrgern, Stadt und Unternehmen lokale und regionale Energieprojekte zu realisieren und damit einen wichtigen Beitrag zur Energiezukunft und zum Umweltschutz vor Ort zu leisten. Au\u00dfer der Umsetzung von Projekten m\u00f6chten wir aber auch unseren Mitgliedern und interessierten B\u00fcrgern Informationen rund um erneuerbare Energien anbieten. Zun\u00e4chst konzentrieren wir uns,\u2026 <span class=\"read-more\"><a href=\"http:\/\/www.beg-schelklingen.de\/?page_id=7\">Weiterlesen &raquo;<\/a><\/span><\/p>\n","protected":false},"author":1,"featured_media":0,"parent":0,"menu_order":2,"comment_status":"closed","ping_status":"closed","template":"","meta":{"footnotes":""},"class_list":["post-7","page","type-page","status-publish","hentry"],"_links":{"self":[{"href":"http:\/\/www.beg-schelklingen.de\/index.php?rest_route=\/wp\/v2\/pages\/7","targetHints":{"allow":["GET"]}}],"collection":[{"href":"http:\/\/www.beg-schelklingen.de\/index.php?rest_route=\/wp\/v2\/pages"}],"about":[{"href":"http:\/\/www.beg-schelklingen.de\/index.php?rest_route=\/wp\/v2\/types\/page"}],"author":[{"embeddable":true,"href":"http:\/\/www.beg-schelklingen.de\/index.php?rest_route=\/wp\/v2\/users\/1"}],"replies":[{"embeddable":true,"href":"http:\/\/www.beg-schelklingen.de\/index.php?rest_route=%2Fwp%2Fv2%2Fcomments&post=7"}],"version-history":[{"count":4,"href":"http:\/\/www.beg-schelklingen.de\/index.php?rest_route=\/wp\/v2\/pages\/7\/revisions"}],"predecessor-version":[{"id":81,"href":"http:\/\/www.beg-schelklingen.de\/index.php?rest_route=\/wp\/v2\/pages\/7\/revisions\/81"}],"wp:attachment":[{"href":"http:\/\/www.beg-schelklingen.de\/index.php?rest_route=%2Fwp%2Fv2%2Fmedia&parent=7"}],"curies":[{"name":"wp","href":"https:\/\/api.w.org\/{rel}","templated":true}]}}